 7 - 7 - ((0 - -5) + -11)?
6
Evaluate 9 + (3 - (12 + -5)).
5
Calculate (-1 - 1) + -13 + (44 - 22).
7
What is the value of -6 - ((15 - 8) + -5)?
-8
What is the value of -2 + 3 + 9 + -6?
4
Calculate -5 + (-3 - -4) + 3.
-1
Calculate 4 + (2 - 3 - 3) + 6.
6
Evaluate -3 - (-2 + -3) - 1.
1
What is the value of -3 + 3 + (3 - 2)?
1
What is the value of 15 - (10 - 9) - 15?
-1
What is the value of -3 + (1 - ((-2 - -4) + 2))?
-6
What is -3 + 12 + -4 + 4?
9
-4 + (8 - 3 - -2)
3
What is the value of -3 + 6 - (0 + 7) - 1?
-5
Evaluate (4 - 8 - -2) + (-2 - -1).
-3
Calculate -8 + -6 + (-3 - -8) + 2.
-7
Evaluate (-12 + 17 - 3) + -1 + -2.
-1
2 - -2 - (13 - (11 + -8))
-6
What is (4 - 0) + -2 + (-9 - -5)?
-2
-5 - (1 - 2 - (-12 + 16))
0
What is (-4 - -2) + 4 - (-3 - -5)?
0
What is the value of -7 - (7 - 12 - (1 + -6))?
-7
7 - -3 - (0 + 6)
4
What is the value of 0 + 9 - (46 + -41)?
4
-3 - ((-2 - (-2 - 2)) + -7)
2
Calculate -2 - -1 - (-2 + 0 - 1).
2
What is the value of 4 - (2 - (-1 + (2 - -2)))?
5
-31 + 31 + -6 + 2 + -5
-9
What is -2 + (-12 - -8) - 2?
-8
(3 - 7) + -1 + 4
-1
What is the value of -3 + (3 + 1 - 4)?
-3
Evaluate 8 - 1 - -4 - 11.
0
Evaluate -6 + 3 + 2 - (4 + -3).
-2
Calculate 5 + 2 + -9 + 3.
1
What is the value of 1 - (-8 - -13) - -9?
5
What is the value of 36 + -41 + -1 + 7?
1
What is the value of -7 - (2 - (10 - 1 - 7))?
-7
Calculate (1 - 10 - -5) + (0 - -1).
-3
What is the value of 0 - (-2 + 0 - 2)?
4
What is the value of -8 + -8 + 16 + -1?
-1
What is the value of 5 - (1 - (-4 - -2)) - 3?
-1
Evaluate 257 + -251 - (-1 + -1).
8
What is the value of (5 - 7 - -5) + 3 + -10?
-4
-4 - (-6 - -3) - -5 - 4
0
0 - (4 - 3) - -1 - 4
-4
What is -1 + -6 + 4 + 1 - -6?
4
Calculate -9 + 11 - (-2 + 9).
-5
What is the value of -1 - -2 - (3 - (16 - 8))?
6
What is the value of -8 - -5 - (-1 - -2 - 3)?
-1
Evaluate -4 + 1 - -1 - (-4 - 0).
2
-4 + (0 - -2) + (-17 - -16)
-3
What is 46 + -50 + (-1 - 1) + 1?
-5
Calculate 8 + -3 + 2 + 3 + -6.
4
0 + -7 + 98 + -91
0
What is the value of 2 - (0 + -1) - (-31 - -28)?
6
Calculate -14 - -11 - (-3 - (3 + -5)).
-2
Calculate 1 + (-8 - (0 + -2) - -12).
7
Calculate 0 - -5 - 1 - (-32 - -33).
3
What is -4 + 10 + 0 + -2 + 0?
4
Evaluate -2 - ((-8 + 1 - -7) + -5).
3
What is 0 - (-7 + 11 - (0 - 1))?
-5
What is the value of (-1 + -1 - -1) + 8?
7
(1 - -12 - 4) + (-1 - 6)
2
What is the value of (5 - (5 + -2)) + -3?
-1
What is -7 - (6 - (-1 - -14))?
0
What is -1 + ((2 - 2) + 1 - 1)?
-1
What is -5 - -7 - (3 - 0)?
-1
Evaluate (1 - 4) + 3 - (-29 - -36).
-7
Calculate 5 - (8 + -11 - 0).
8
Evaluate (-1 - -5) + -24 + 16.
-4
What is (1 - 3 - -1) + 4?
3
What is 0 + 3 + -4 + (5 - 8)?
-4
(-7 - 1) + -3 + 6
-5
Calculate (-9 - -4) + -2 + 3.
-4
Calculate 6 + -8 + (-2 - -2) + -3.
-5
What is the value of (-9 - -5) + 14 + (-4 - 0)?
6
What is the value of 10 + -10 + 0 + 2?
2
Calculate 20 + (7 - 11) - 8.
8
Calculate (-15 - -14) + (-3 - (1 - -1)).
-6
6 + 6 + (-1 - 6)
5
What is 1 + (-5 - 2 - -4) + 0?
-2
Evaluate 0 + -1 + 2 + (10 - 12).
-1
Evaluate (-4 - -14) + 6 + -12.
4
Evaluate -15 - -11 - -7 - 6.
-3
What is (-1 + 1 - 2) + (-24 - -25)?
-1
What is -2 + 10 + (-10 - -2)?
0
Calculate 39 - 43 - (1 + -9).
4
(5 + -1 - 8) + 0
-4
Calculate -1 - -4 - (-7 - (-5 + 2)).
7
What is 2 + -7 + (8 - 4) + 8?
7
What is the value of 1 + -1 + 3 + 2?
5
Calculate 2 + (2 + -5 - (17 - 24)).
6
Evaluate -2 - ((6 - 3) + -7 + 2).
0
Evaluate (1 - -3) + -3 - 4.
-3
Evaluate -5 + (2 - -4 - -2).
3
What is -3 + -1 + 4 - 1?
-1
What is the value of (-3 - (-4 - -5)) + 7?
3
Calculate 7 + 0 + 0 + (-22 - -22).
7
What is the value of (-3 - (1 + 0)) + (2 - 1)?
-3
Calculate -2 - 8 - ((11 - -5) + -15).
-11
Evaluate 7 - 5 - ((1 - 3) + 5).
-1
1 + 1 + (-4 - (-17 - -17))
-2
What is -2 + 7 + (-4 - -1)?
2
What is the value of -2 + (-6 - (-5 + -6)) - 9?
-6
Calculate -8 + 6 - (6 + -1 - 4).
-3
9 + (-3 - -1) + -2
5
Calculate 7 + -6 + (-2 - -3).
2
-5 + (-3 + -1 - -7)
-2
Evaluate 3 + 0 + (11 - 10) - 0.
4
What is the value of -2 + 1 + (-3 - -2) + -3?
-5
Evaluate (3 - -3) + (-5 - 5 - -10).
6
(4 - 9 - -3) + 0 + -1
-3
What is -1 - (-3 - -4 - 0)?
-2
3 - (4 + -7 + 4)
2
What is 0 + -2 - (-1 - 3 - -3)?
-1
What is -2 + (2 - -5 - 6)?
-1
What is the value of -11 + 1 + (-89 - -100)?
1
-2 - 1 - (3 + -4 - 1)
-1
Calculate -2 + 2 + 0 - -2.
2
What is (7 + -12 - -3) + 0?
-2
-7 - (1 + -7) - (-4 + 12)
-9
Calculate 2 - (-2 - (-2 - 5)).
-3
Calculate -3 + -2 + -4 + 11.
2
Evaluate -21 - -19 - (0 + -2).
0
2 + (-2 + 4 - (6 + -1))
-1
What is 12 - (6 + -4) - 6?
4
-11 + (15 - (2 - -6))
-4
Evaluate -4 + (3 - -1 - (10 - 16)).
6
0 + -3 - (7 - 5)
-5
(-1 - 0) + -3 + (286 - 292)
-10
-4 + 0 + (12 - 8) + -1
-1
-1 + (-1 - -4) + (4 - 4)
2
What is 3 - (1 + 8 + -4) - -1?
-1
-3 + 4 + -1 + -3 + 3
0
Calculate (-5 - -3 - 3) + 1.
-4
5 - -2 - (7 + -3 + 3)
0
What is 2 + 3 + -20 + 14 - 2?
-3
Calculate 2 + (-1 - (6 + 3 + -5)).
-3
(-6 - 0) + (-6 - -9)
-3
What is -8 + -1 - (-1 + -11)?
3
Calculate -3 + 4 - (1 + 0).
0
Evaluate (11 - (-2 + 9)) + 1.
5
-8 - (-5 + -9) - 5
1
Evaluate (0 - (-6 - 2)) + -18 + 12.
2
Evaluate -5 + 4 - (1 - -1).
-3
What is -3 + -2 + (0 + -1 - -3)?
-3
-7 + 0 - (-15 - (-11 + -7))
-10
What is -4 - ((-6 - -6) + 0)?
-4
Calculate (1 + -4 + 4 - -3) + 4.
8
What is (0 - (-3 + -4)) + -10?
-3
What is the value of 2 - (-2 - -2 - (0 + 3))?
5
What is the value of 2 + 2 + -12 + 4?
-4
What is the value of (34 - 22) + (-2 - 0) - 3?
7
What is the value of 4 + 2 + -3 - 4?
-1
What is the value of -13 + (11 - 7) - -4?
-5
Evaluate -2 - (0 - (0 + -3 - -6)).
1
Calculate -15 + (-15 + 5 - -22).
-3
11 - (10 + 9) - 1
-9
Calculate 4 - (-5 + (-9 - -12)).
6
-2 + -1 + (-3 - -2) + 8
4
Evaluate 0 - ((2 - -2) + -1 + 0).
-3
What is -3 + 0 + -4 + 2 + 2?
-3
Calculate -5 + 0 + (11 + -6 - 2).
-2
What is the value of -1 + -1 + -2 + 6?
2
What is the value of 2 + 4 + (-17 - -9)?
-2
Calculate -22 + 14 + 0 + -2 + 8.
-2
What is -3 + -1 + (-3 - -6)?
-1
Calculate -8 + 22 + -7 - 8.
-1
What is the value of 6 + (-7 + 9 - -6 - 21)?
-7
Evaluate 18 - 15 - (2 - 1).
2
What is 1 + (-2 - (2 - -1))?
-4
Evaluate -3 + 1 + (-2 - -6).
2
What is the value of (53 - 51) + -1 + -1 + -5?
-5
6 + (12 - (7 + 3))
8
Evaluate 11 - (-1 - (0 - 10)).
2
-5 - (5 - 2 - 4)
-4
(1 - -7) + (11 - 27)
-8
Calculate -4 - (-5 + 3 + -3 - -4).
-3
(1 - 2) + -1 - (-4 + -3)
5
Evaluate (0 - (-7 - (-8 - -2))) + 0.
1
Calculate 2 + (0 - -2) + -5 - -3.
2
Calculate -5 - (3 + -11 - 0).
3
What is (2 - 2) + 9 + -4 + -1?
4
What is the value of 9 - (-1 + 5 + 0 - 2)?
7
-2 + -1 - (3 - 4)
-2
Evaluate 5 - (3 + 1) - -2.
3
Evaluate 2 + (-5 - -7) - (4 + 11).
-11
What is 4 + (4 - 8) + 7 + 0?
7
4 - (2 + -7 + 8 + -6)
7
Evaluate 25 + -9 + -11 + 1.
6
Evaluate -2 + (1 - -1) + 12 + -8.
4
Calculate 6 - (-4 + 5 + 2).
3
What is -5 - -1 - (-3 + (-6 - 0))?
5
Evaluate 4 + -12 + (-1 - 4 - -8).
-5
Calculate (-3 - 1) + (-1 - 5 - -7).
-3
Evaluate (-30 - -33) + (0 - 0).
3
What is (-76 - -74) + 4 + 1?
3
What is the value of -2 + 4 + -3 + (0 - 0)?
-1
What is the value of (1 - (2 + -1)) + (-45 - -44)?
-1
10 + -18 + (1 + 0 - -2)
-5
What is the value of -8 + (1 - 1) - (0 - 4)?
-4
Calculate 1 - (2 + -8 + 1) - 3.
3
What is the value of 0 - 10 - (19 - 22) - -5?
-2
(-4 - 1) + (4 - 0) + -3
-4
What is the value of -1 - 3 - (2 - 16 - -20)?
-10
Calculate (3 - 2) + (-3 - -2) + 1.
1
What is the value of 2 + (-8 - -5) + 6?
5
Evaluate 1 - -2 - (6 - 0 - 1).
-2
What is the value of -2 + -3 + 11 + -5?
1
Evaluate -2 - (-3 + (-3 - -4)) - 2.
-2
Evaluate (0 - 3) + (36 - 38).
-5
What is -2 + (-15 - (-28 + 1))?
10
(12 - 13 - -2) + 9
10
What is the value of -4 - 2 - ((1 - 7) + 2)?
-2
8 - 8 - 0 - 0
0
What is the value of -1 - -1 - (-4 - -3) - 0?
1
What is 1 + -4 - (2 + -8 + 4)?
-1
-3 + 1 - -5 - 5
-2
Evaluate -4 - (5 + (-5 - -1)).
-5
What is the value of -12 - (-3 - (7 - 4))?
-6
What is the value of -9 + 0 + 3 + 5 + -8?
-9
-4 - (24 - 10 - 21)
3
Evaluate 2 + 2 + 74 + -81.
-3
Calculate -14 + -5 + 10 + 8.
-1
-4 + -3 + 2 - -5
0
(-3 - 2) + -1 - (-1 - 5)
0
5 + -2 + -10 + 9
2
What is the value of -2 + 8 + -11 + -4 + 12?
3
Calculate 1 - (-1 - (1 + -2)).
1
Calculate (-14 - -11) + -7 + -2 + 3.
-9
Evaluate (0 - -4) + -6 + -3 - -5.
0
-5 - (-1 - (-4 - -3))
-5
Calculate 0 - (-1 - 4) - (3 - 1).
3
Evaluate -10 - (-2 + 6 + -14 + 4).
-4
What is the value of (2 - -6) + (-15 - (-5 - 1))?
-1
What is 3 - (15 - ((9 - -1) + -3))?
-5
(-11 